{"id":4654,"date":"2021-12-22T09:29:35","date_gmt":"2021-12-22T12:29:35","guid":{"rendered":"https:\/\/wine.guiaonlinecursos.com.br\/?post_type=product&#038;p=4654"},"modified":"2023-01-15T11:18:32","modified_gmt":"2023-01-15T14:18:32","slug":"haras-de-pirque-reserva-propiedade","status":"publish","type":"product","link":"https:\/\/wine.guiaonlinecursos.com.br\/index.php\/product\/haras-de-pirque-reserva-propiedade\/","title":{"rendered":"Haras De Pirque Reserva Propiedad"},"content":{"rendered":"","protected":false},"excerpt":{"rendered":"<div>A Reserva de Propiedad oferece uma cor vermelha intensa. O nariz chama a aten\u00e7\u00e3o pelo seu car\u00e1ter de fruta preta e pelas notas de tabaco tostado aliadas a sensa\u00e7\u00f5es de ervas frescas, os aromas t\u00edpicos do Vale do Maipo. Na boca \u00e9 fresco e macio, com um final agrad\u00e1vel caracterizado por notas de menta.<\/div>\n<p>&nbsp;<\/p>\n","protected":false},"featured_media":4655,"template":"","meta":{"site-sidebar-layout":"default","site-content-layout":"default","ast-main-header-display":"","ast-hfb-above-header-display":"","ast-hfb-below-header-display":"","ast-hfb-mobile-header-display":"","site-post-title":"","ast-breadcrumbs-content":"","ast-featured-img":"","footer-sml-layout":"","theme-transparent-header-meta":"default","adv-header-id-meta":"","stick-header-meta":"","header-above-stick-meta":"","header-main-stick-meta":"","header-below-stick-meta":""},"product_cat":[53,34],"product_tag":[],"aioseo_notices":[],"_links":{"self":[{"href":"https:\/\/wine.guiaonlinecursos.com.br\/index.php\/wp-json\/wp\/v2\/product\/4654"}],"collection":[{"href":"https:\/\/wine.guiaonlinecursos.com.br\/index.php\/wp-json\/wp\/v2\/product"}],"about":[{"href":"https:\/\/wine.guiaonlinecursos.com.br\/index.php\/wp-json\/wp\/v2\/types\/product"}],"wp:featuredmedia":[{"embeddable":true,"href":"https:\/\/wine.guiaonlinecursos.com.br\/index.php\/wp-json\/wp\/v2\/media\/4655"}],"wp:attachment":[{"href":"https:\/\/wine.guiaonlinecursos.com.br\/index.php\/wp-json\/wp\/v2\/media?parent=4654"}],"wp:term":[{"taxonomy":"product_cat","embeddable":true,"href":"https:\/\/wine.guiaonlinecursos.com.br\/index.php\/wp-json\/wp\/v2\/product_cat?post=4654"},{"taxonomy":"product_tag","embeddable":true,"href":"https:\/\/wine.guiaonlinecursos.com.br\/index.php\/wp-json\/wp\/v2\/product_tag?post=4654"}],"curies":[{"name":"wp","href":"https:\/\/api.w.org\/{rel}","templated":true}]}}