{"id":4714,"date":"2021-12-22T11:11:53","date_gmt":"2021-12-22T14:11:53","guid":{"rendered":"https:\/\/wine.guiaonlinecursos.com.br\/?post_type=product&#038;p=4714"},"modified":"2024-02-22T18:44:33","modified_gmt":"2024-02-22T21:44:33","slug":"sutil-grand-reserve-chardonnay","status":"publish","type":"product","link":"https:\/\/wine.guiaonlinecursos.com.br\/index.php\/product\/sutil-grand-reserve-chardonnay\/","title":{"rendered":"Sutil Grand Reserve Chardonnay"},"content":{"rendered":"","protected":false},"excerpt":{"rendered":"<p>Vinho branco chileno produzido na regi\u00e3o do Vale de Colch\u00e1gua, \u00edcone da produ\u00e7\u00e3o vitivin\u00edcola no Chile. Elaborado a partir da uva Chardonnay, forma um vinho de cor amarelo ouro. Aromas de abacaxi e baunilha com notas minerais. Paladar untuoso, com textura cremosa. Harmoniza com frutos do mar e queijos de massa mole.<\/p>\n","protected":false},"featured_media":4715,"template":"","meta":{"site-sidebar-layout":"default","site-content-layout":"default","ast-main-header-display":"","ast-hfb-above-header-display":"","ast-hfb-below-header-display":"","ast-hfb-mobile-header-display":"","site-post-title":"","ast-breadcrumbs-content":"","ast-featured-img":"","footer-sml-layout":"","theme-transparent-header-meta":"default","adv-header-id-meta":"","stick-header-meta":"","header-above-stick-meta":"","header-main-stick-meta":"","header-below-stick-meta":""},"product_cat":[55,53],"product_tag":[],"aioseo_notices":[],"_links":{"self":[{"href":"https:\/\/wine.guiaonlinecursos.com.br\/index.php\/wp-json\/wp\/v2\/product\/4714"}],"collection":[{"href":"https:\/\/wine.guiaonlinecursos.com.br\/index.php\/wp-json\/wp\/v2\/product"}],"about":[{"href":"https:\/\/wine.guiaonlinecursos.com.br\/index.php\/wp-json\/wp\/v2\/types\/product"}],"wp:featuredmedia":[{"embeddable":true,"href":"https:\/\/wine.guiaonlinecursos.com.br\/index.php\/wp-json\/wp\/v2\/media\/4715"}],"wp:attachment":[{"href":"https:\/\/wine.guiaonlinecursos.com.br\/index.php\/wp-json\/wp\/v2\/media?parent=4714"}],"wp:term":[{"taxonomy":"product_cat","embeddable":true,"href":"https:\/\/wine.guiaonlinecursos.com.br\/index.php\/wp-json\/wp\/v2\/product_cat?post=4714"},{"taxonomy":"product_tag","embeddable":true,"href":"https:\/\/wine.guiaonlinecursos.com.br\/index.php\/wp-json\/wp\/v2\/product_tag?post=4714"}],"curies":[{"name":"wp","href":"https:\/\/api.w.org\/{rel}","templated":true}]}}