{"id":4846,"date":"2022-02-13T19:21:33","date_gmt":"2022-02-13T22:21:33","guid":{"rendered":"https:\/\/wine.guiaonlinecursos.com.br\/?post_type=product&#038;p=4846"},"modified":"2022-08-29T19:46:31","modified_gmt":"2022-08-29T22:46:31","slug":"vinhas-grandes-magnum","status":"publish","type":"product","link":"https:\/\/wine.guiaonlinecursos.com.br\/index.php\/product\/vinhas-grandes-magnum\/","title":{"rendered":"Vinhas Grande Magnum"},"content":{"rendered":"","protected":false},"excerpt":{"rendered":"<p>Casa Ferreirinha Vinha Grande Tinto apresenta uma cor rubi com nuances violeta. Destaque para a fruta vermelha como a groselha e a fruta preta como a ameixa, o seu aroma \u00e9 intenso e revela outras notas, nomeadamente aromas a especiarias, bals\u00e2micos a resina e a cedro, muito bem integrados com a madeira discreta. Na boca tem um excelente equil\u00edbrio, taninos firmes de boa textura, e uma acidez viva muito bem integrada. O seu final \u00e9 longo e com grande harmonia.Castas Touriga Franca, Tinta Roriz, Touriga Nacional, Tinta Barroca.<\/p>\n","protected":false},"featured_media":4850,"template":"","meta":{"site-sidebar-layout":"default","site-content-layout":"default","ast-main-header-display":"","ast-hfb-above-header-display":"","ast-hfb-below-header-display":"","ast-hfb-mobile-header-display":"","site-post-title":"","ast-breadcrumbs-content":"","ast-featured-img":"","footer-sml-layout":"","theme-transparent-header-meta":"default","adv-header-id-meta":"","stick-header-meta":"","header-above-stick-meta":"","header-main-stick-meta":"","header-below-stick-meta":""},"product_cat":[54],"product_tag":[],"aioseo_notices":[],"_links":{"self":[{"href":"https:\/\/wine.guiaonlinecursos.com.br\/index.php\/wp-json\/wp\/v2\/product\/4846"}],"collection":[{"href":"https:\/\/wine.guiaonlinecursos.com.br\/index.php\/wp-json\/wp\/v2\/product"}],"about":[{"href":"https:\/\/wine.guiaonlinecursos.com.br\/index.php\/wp-json\/wp\/v2\/types\/product"}],"wp:featuredmedia":[{"embeddable":true,"href":"https:\/\/wine.guiaonlinecursos.com.br\/index.php\/wp-json\/wp\/v2\/media\/4850"}],"wp:attachment":[{"href":"https:\/\/wine.guiaonlinecursos.com.br\/index.php\/wp-json\/wp\/v2\/media?parent=4846"}],"wp:term":[{"taxonomy":"product_cat","embeddable":true,"href":"https:\/\/wine.guiaonlinecursos.com.br\/index.php\/wp-json\/wp\/v2\/product_cat?post=4846"},{"taxonomy":"product_tag","embeddable":true,"href":"https:\/\/wine.guiaonlinecursos.com.br\/index.php\/wp-json\/wp\/v2\/product_tag?post=4846"}],"curies":[{"name":"wp","href":"https:\/\/api.w.org\/{rel}","templated":true}]}}